w**2 + w - 6. Suppose 0 = -5*s - 3*v + 107, -4*s - 3*v + 57 + 28 = 0. Suppose -3*l + l = -s. What is b(l)?
5
Let d(t) = 7*t + 6. Let q(n) = -6*n - 15 + 11*n + 19. Let k(y) = -5*d(y) + 8*q(y). Let a = -2 + 0. Calculate k(a).
-8
Let h(x) = -6*x**3 - 19*x**2 - 8*x + 7. Let m(a) = -a**3 - 2*a**2 + 1. Let t(v) = -h(v) + 5*m(v). Give t(-8).
-2
Let k(l) = 3*l**2 + 3*l. Suppose 4 = -0*c - 2*c. Let g be k(c). Let f(o) = -o**3 + 7*o**2 - 8*o + 6. Let j be f(g). Let w(i) = i + 1. Calculate w(j).
-5
Let x(m) = -7*m + 632 - 1299 + 664 + m**2. Let i(v) = -v**3 + 5*v**2 - 2*v - 2. Let t be i(4). What is x(t)?
-9
Let j(s) = -11*s**3 - 1. Let c be (-2)/9 - (-24220)/126. Let p be (-7)/(-2)*c/112. Suppose m - 4*t = 19, p = -m - 0*m - t. Determine j(m).
10
Let h(m) = 2*m + 20. Let d(n) = -17*n - 119. Let x(b) = -d(b) - 6*h(b). Suppose 4*c - 2 = 18. Suppose 14 = c*w + 3*i, -3*w - i = -2*i. Determine x(w).
4
Let l(k) = k - 8. Suppose -3*z - 2*z + 4*d = 18, 3*z + 21 = -d. Give l(z).
-14
Let x(f) = f**3 + 15*f**2 - 14*f + 26. Let v be x(-16). Let g(s) = -s**3 - 5*s**2 + 6*s + 1. Give g(v).
1
Let z(j) = 8*j**2 + 5*j + 6. Let x(r) = 0*r + 0*r**2 + r**2 + 0*r + 1 + r. Let p(s) = -5*x(s) + z(s). What is p(2)?
13
Let t = -2 + 8. Let x(j) = -j**3 + 7*j**2 - 4*j - 8. Let k be x(t). Let b(s) = 6*s**2 - 19*s**3 - 5*s - 17*s**3 + 0*s + 35*s**3 - 4. What is b(k)?
8
Let j(g) = -66*g + 31. Let f(n) = 19*n - 11. Let s(p) = 7*f(p) + 2*j(p). Calculate s(-8).
-23
Let f(b) = b**3 + 13*b**2 - b - 12. Suppose -17*h + 26*h + 117 = 0. Give f(h).
1
Let d = -107 - -101. Let q(j) be the first derivative of -j**4/4 - 5*j**3/3 + 2*j**2 - 4*j + 2. Determine q(d).
8
Let v be (-3)/(0 + -1)*1. Let x be 3 + 4 + -8 - v. Let g(d) = -d**2 - 5*d - 4. Calculate g(x).
0
Let z(m) be the second derivative of 0*m**3 + 7*m + 0*m**4 - 3/2*m**2 + 0 + 1/20*m**5. Let h = 0 + 0. What is z(h)?
-3
Let b = 121 - 119. Let k(n) = 3*n - b*n - n + 5 - n. What is k(-4)?
9
Let m(t) = -t**2 + 8*t - 12. Let v = 390 - 383. Determine m(v).
-5
Let z(g) = g**3 + 6*g**2 + 5*g + 1. Suppose 0 = 6*m - 10 + 100. Let l be (-2)/5 + 69/m. What is z(l)?
1
Let u(l) = l**2 - l - 4. Let i be -3*(-16)/36*(-21 + 3). Let j be i/(-7) + 5/(280/32). Calculate u(j).
8
Let w(o) be the first derivative of -o**2/2 + 6*o - 1. Let j be 2/3 - (-13)/3. Suppose 6 = j*k + 3*m, 0*k + 2*m = 2*k - 12. What is w(k)?
3
Let w(o) = 7*o + 1. Let g be (21/(-18))/((-15)/(-90)). What is w(g)?
-48
Let t(g) = -4*g**2 + 4 + 98*g**3 + 102*g**3 - 301*g**3 - 3*g + 102*g**3. Let c be 4/6 + (-7)/(-3). Calculate t(c).
-14
Let n(z) = z + 9. Suppose 4*y = 4*k - 140, -6*y - 74 = -2*k - 2*y. Let q = -33 + k. Determine n(q).
9
Let k(m) = 11*m**3 - 4*m**2 + 11*m - 9. Let s(p) be the first derivative of 7*p**4/4 - p**3 + 7*p**2/2 - 6*p + 3. Let l(d) = -5*k(d) + 8*s(d). Give l(3).
-9
Let a(y) = 2*y**2 + 5*y + 6. Let j be a(-1). Suppose 0 = 2*c - 4*c + 3*u - 15, 27 = -5*c - j*u. Let g(h) = -h**2 - 6*h - 8. Give g(c).
-8
Let d(f) = f**3 + 10 - 4*f**2 - 3*f**2 + 3*f - 2*f**3. Let n be -2 - (-15 - -3 - 0). Let y be (-25)/125 + (-68)/n. Give d(y).
-11
Let k(m) = 1. Let z(d) be the second derivative of d**3 - 3*d**2/2 + 10*d. Let i(x) = -4*k(x) - z(x). Let a = 5 - 4. Determine i(a).
-7
Let y(r) = -r**3 - 12*r**2 + 12*r - 10. Let i be y(-13). Suppose -i*x + 7*x + 9 = 3*u, 2*u - 6 = 2*x. Let h(p) = -p**2 + p - 1. Calculate h(x).
-1
Let i(f) = 2*f**2 + 9*f. Let b(s) = -s**3 + 34*s**2 + 2*s - 76. Let z be b(34). Give i(z).
56
Suppose c - 6*c = 4*d + 52, 70 = -5*c + 5*d. Let v be -4*1*2/c*9. Let w(i) = -4 + 4 + i - 7. Give w(v).
-1
Suppose 7*k = 2*k - 25. Let z = k - -8. Let m(u) = -u**z - 3*u**2 + 2*u**2 - u + 2 - 1. Determine m(-2).
7
Let y(t) be the third derivative of -13*t**5/60 - t**4/24 + 282*t**2. What is y(-1)?
-12
Let o(y) be the first derivative of -y**6/120 + y**5/60 + 5*y**3/6 - 6*y**2 - 15. Let t(a) be the second derivative of o(a). What is t(0)?
5
Suppose -2*r + 7*r = 10. Let x(m) be the second derivative of -m**3/6 + m**2/2 - 15*m. Let h(i) = -i + 1. Let t(y) = r*h(y) - x(y). Determine t(5).
-4
Let g(k) = k + 7. Let f be 1/4 + (-23)/(-4). Let q = -524 - -389. Let z be q/18*(-4)/f. Determine g(z).
12
Suppose 0 = 5*u + u. Suppose 3*f + 3 - 9 = u. Let p(v) = -3 + 2 - v**3 - v + f*v**3 - 3*v**2 - v**2. Calculate p(4).
-5
Let k(d) = -14*d - 32. Let r be k(-3). Let w(m) = m**3 - 11*m**2 + 10*m + 10. What is w(r)?
10
Let j(z) = z**2. Let u(f) = -f**3 - 11*f**2 - 3*f + 3. Let h(v) = -6*j(v) - u(v). Calculate h(-4).
1
Let v be (-4)/10 - 184/(-10). Let y(n) = -n**3 + 8*n**2 + 20*n + 2. Let i be y(10). Suppose -v + i = -4*x. Let k(z) = z - 5. Give k(x).
-1
Let b(f) = -6*f - 1. Suppose -13 = -p - 0*p + 2*d, 3*p - 2*d = 19. What is b(p)?
-19
Let n(h) = -h + 7. Let r(g) = -36*g - 242. Let b be r(-7). Determine n(b).
-3
Let j(o) be the third derivative of o**6/120 + o**5/20 - o**4/8 - o**3/3 + 2*o**2 + 455*o. Let t(r) = r. Let a be t(-4). Determine j(a).
-6
Suppose 276*y = 289*y + 13. Let s(a) be the first derivative of 5*a**4/2 + a**3/3 + 1. Determine s(y).
-9
Let f(y) = -6*y**2 + 43 - 6*y**3 - 4*y - 36 + 5*y**3. Calculate f(-5).
2
Suppose i - 6 = 1. Let h be (-3)/(10/8 + -2). Suppose i*k - 3 = h*k. Let o(t) = -3*t**2 + t. Calculate o(k).
-2
Let q(k) be the third derivative of 1/24*k**4 + 0 + 31*k**2 + 7/6*k**3 + 0*k. Give q(-4).
3
Let l(i) = i**2 - 5*i + 5. Suppose 39*v = 40*v - 20. Suppose 0 = -4*z - z + v. Determine l(z).
1
Let r(v) = v**3 + 19*v**2 - 20*v + 9. Let d(b) = 20*b + 220. Let j be d(-12). Determine r(j).
9
Let s(i) = 3 - 6*i + i**3 + 1406*i**2 + 17 - 1398*i**2. Determine s(-9).
-7
Let b(k) = -k**2 + 2*k + 2. Suppose 10 = 8*q + 2. Let z be ((-8)/q)/4*(-3)/2. Calculate b(z).
-1
Let n(p) = -10*p**2 - 10*p + 79. Let w(q) = -3*q**2 - 3*q + 26. Let x(l) = -2*n(l) + 7*w(l). What is x(0)?
24
Suppose -5*y + 5 = -3*s, -4*y + 2 = -3*s - 2. Suppose 4*i - 3 = -4*a + y, 0 = 3*a + 5*i - 1. Let f(j) = 4*j. What is f(a)?
8
Suppose 6*g + 6 = 18. Let c(f) = -15*f**g - f**3 + 5*f**2 + f + 4*f**2 - 4*f. Let n be 3 + 2/(-1) - 6. Calculate c(n).
-10
Suppose -x - 5 = -6*x, 3 = 2*p - x. Suppose a + u - 58 = -p*a, -4*u - 41 = -a. Suppose -5*d - a = 19. Let v(f) = f + 4. Calculate v(d).
-4
Let t(w) = -w**3 - 7*w**2 + 18*w + 1. Let v = -1348 - -1339. What is t(v)?
1
Let k(h) = -h**3 - 7*h**2 + 10. Suppose 8*t - 12*t - 16 = 0. Let x be (-6 - t)/4 + (-26)/4. Determine k(x).
10
Let s(i) = i + 2. Let l = -194 - -194. Calculate s(l).
2
Let g(c) = c - 3. Let s = -24 + 28. Suppose 2 = t - 2*x + s, 4*x - 4 = 5*t. Give g(t).
-3
Let j(k) = 3*k**3 - 11*k**2 - 19*k + 4. Let i(p) = 2*p**3 - 7*p**2 - 13*p + 3. Let w(d) = -7*i(d) + 5*j(d). What is w(5)?
-46
Let o(p) be the second derivative of 2*p**3/3 + 3*p**2/2 - p. Let w = 28 + -1. Let x = w + -29. What is o(x)?
-5
Let q(v) = 2*v**2 - 6*v + 3. Let s(h) = -h + 1. Let c(n) = q(n) - 3*s(n). Determine c(2).
2
Suppose 0 = 5*u + 9 - 29. Suppose 0 = -u*r + 2*g + 2, -2 - 1 = 2*r - 5*g. Let s(q) = 7*q - 7. Let m(x) = -x - 1. Let i(k) = -6*m(k) + s(k). What is i(r)?
12
Let f(n) be the third derivative of -n**5/60 + n**4/4 + n**3/6 - 71*n**2. Determine f(8).
-15
Let g(t) = -t**2 + 33*t + 76. Let i be g(35). Let j(n) = n**3 - 5*n**2 - 5*n - 2. Calculate j(i).
4
Let c(d) be the first derivative of -d**3/3 - 9*d**2/2 - 7*d + 3. Let v(f) = -1. Let l(p) = c(p) - v(p). Determine l(-8).
2
Let c(m) = 3*m**2 - 2*m - 4 + m**3 + 2*m + m. Let y(t) = -12*t**3 + t**2 - 2*t - 2. Let l be y(-1). Suppose 0 = s - 10 + l. Give c(s).
-7
Suppose -a + 6 = a. Let y(g) = -g**2 - 4. Determine y(a).
-13
Let y(a) = -4*a**3 - 4*a**2 + 6*a + 7. Let x(d) = -3*d**3 - 3*d**2 + 5*d + 8. Let p(m) = 5*x(m) - 4*y(m). Let n = -119 + 167. Let w = n + -48. Calculate p(w).
12
Let k(o) = 39*o - 19*o - 16 - 22*o. Let w be k(-6). Let q(b) be the third derivative of -b**4/8 - 5*b**3/6 + b**2. Give q(w).
7
Suppose p + 3*z - 6 = 4*z, -2*p = 2*z. Let g(w) = -65*w**2 + 8*w - 2 + 58*w**2 - 3 - w**p. What is g(-8)?
-5
Let f = 3 + -6. Let t(s) = 2*s + 1. Let j(o) = -5*o - 2. Let m(n) = -4*j(n) - 7*t(n). Give m(f).
-17
Let a(p) = -p. Let x(y) be the third derivative of y**4/12 - 3*y**2 + 3. Let q(l) = -11*a(l) - 6*x(l). Suppose -12 = -4*s + 4. What is q(s)?
-4
Let y(k) = k**2 - 10*k + 4. Let z be y(9). Let u(b) = -b**3 - 6